010
In base 15, what is 1881 + 7?
1888
In base 5, what is -4 + -11122112?
-11122121
In base 16, what is -39 - -52f5?
52bc
In base 7, what is 55 - -55513?
55601
In base 16, what is a - -2a8?
2b2
In base 10, what is -15383 - 12?
-15395
In base 4, what is -3002101 - 10?
-3002111
In base 7, what is 35045441 + -5?
35045433
In base 16, what is -45a4b - 2?
-45a4d
In base 11, what is -1 - 18a936?
-18a937
In base 4, what is -30121223 - -20?
-30121203
In base 11, what is -7 - -38013?
38007
In base 14, what is 1632 - 20?
1612
In base 5, what is -41 + -1440?
-2031
In base 14, what is -28d + c5?
-1a8
In base 12, what is -13 - 7125?
-7138
In base 8, what is -66 - -27204?
27116
In base 3, what is -120 + -12?
-202
In base 3, what is -11201 - -111202101?
111120200
In base 2, what is -1001010111101 + 10?
-1001010111011
In base 10, what is 118 - -537?
655
In base 9, what is -5 - -2272333?
2272327
In base 4, what is 12301 - 1111131?
-1032230
In base 11, what is -4 - 8a80?
-8a84
In base 14, what is -2 + -2878a?
-2878c
In base 2, what is 1000 + -1000000001100100?
-1000000001011100
In base 10, what is 4 + 11565?
11569
In base 5, what is -1 - -111121032?
111121031
In base 4, what is -11 - -3010232111?
3010232100
In base 2, what is -111110 - -110001000101101?
110000111101111
In base 3, what is 2 - -111000212111?
111000212120
In base 16, what is -b - -15fce?
15fc3
In base 16, what is 36c + -333?
39
In base 13, what is 30 + -1aac?
-1a7c
In base 6, what is -401 - 1334?
-2135
In base 11, what is -3a + 20555?
20516
In base 9, what is 2 - -120306?
120308
In base 11, what is -15 + 31aa?
3195
In base 11, what is -14545a7 + -2?
-14545a9
In base 10, what is 50 - 19229?
-19179
In base 11, what is 547 + -211?
336
In base 14, what is 19 + 36a?
385
In base 13, what is -3 + 108ac7?
108ac4
In base 13, what is -63 + 2523?
2490
In base 5, what is -431414 + -1?
-431420
In base 3, what is -12 - -10011100?
10011011
In base 16, what is -2 + -17815?
-17817
In base 4, what is 10 + -212220?
-212210
In base 8, what is -5 - -143311?
143304
In base 11, what is 3 + -125327?
-125324
In base 2, what is 0 - 10111111001011001?
-10111111001011001
In base 4, what is -223 + 132013?
131130
In base 16, what is -191862 - -3?
-19185f
In base 12, what is 374 + 3a?
3b2
In base 9, what is -88 - 1623?
-1722
In base 10, what is -2 - 8548?
-8550
In base 10, what is -700 + 4016?
3316
In base 4, what is -2 - -1132122001?
1132121333
In base 15, what is ee2 - 3?
ede
In base 9, what is 67353 - 1?
67352
In base 3, what is -210 - -12122121221?
12122121011
In base 8, what is 5710671 - -4?
5710675
In base 11, what is 270844 - -4?
270848
In base 12, what is 3b - -968?
9a7
In base 10, what is 158 - -60?
218
In base 6, what is -1120412 - -5?
-1120403
In base 15, what is 1aa96d - -5?
1aa973
In base 6, what is 103 - 21351?
-21244
In base 16, what is -93c + 267?
-6d5
In base 4, what is 1133 + -1230?
-31
In base 12, what is b9b2 - 4?
b9aa
In base 11, what is 10 - -273a?
274a
In base 5, what is -1013431343 - 2?
-1013431400
In base 16, what is -ce + 738?
66a
In base 8, what is 17654 + -6?
17646
In base 15, what is -38982 + 6?
-3897b
In base 16, what is -1203 + 4?
-11ff
In base 13, what is -39 - 149?
-185
In base 10, what is -24 - 6045?
-6069
In base 4, what is 1102 - 213132?
-212030
In base 7, what is 21041 + -101?
20640
In base 2, what is -110010100011 + -10010100?
-110100110111
In base 9, what is 1877 - 7?
1870
In base 4, what is 223200021 + -10?
223200011
In base 11, what is -1063 + -6?
-1069
In base 12, what is 2144a + -41?
21409
In base 3, what is 1 - -22000102210?
22000102211
In base 14, what is -8a1 + -2c?
-8cd
In base 14, what is -2ca + 407?
11b
In base 4, what is 1 + 1112330?
1112331
In base 8, what is -2 + -26002?
-26004
In base 8, what is -216 - -2721?
2503
In base 3, what is 102022 - -11022?
120121
In base 4, what is 11 + 10221203?
10221220
In base 11, what is -7a3 + 230?
-573
In base 5, what is 4 - -10303043?
10303102
In base 7, what is 21 - 520454?
-520433
In base 12, what is -3 + -1a03?
-1a06
In base 16, what is 1 + -f6d4?
-f6d3
In base 15, what is -3 - 746?
-749
In base 10, what is -47 - 1351?
-1398
In base 10, what is 33630 + -5?
33625
In base 11, what is -15a - 54a1?
-5650
In base 15, what is b - 83c?
-831
In base 10, what is 986 - 1999?
-1013
In base 15, what is -b - 998?
-9a4
In base 8, what is -25603 + -6?
-25611
In base 11, what is 16081 - 5?
16077
In base 4, what is 3 - -333100222?
333100231
In base 14, what is -4a195 - 1?
-4a196
In base 9, what is -2237 + -3?
-2241
In base 5, what is -4034223 + 0?
-4034223
In base 9, what is -10231 - -80?
-10141
In base 4, what is 23013221 + -13?
23013202
In base 5, what is -430 + 401?
-24
In base 6, what is 5135 + -10?
5125
In base 16, what is -f - -2641?
2632
In base 13, what is -48b - b?
-499
In base 16, what is 4 - -6bc9?
6bcd
In base 15, what is -b - -eaa?
e9e
In base 10, what is -57603 + 2?
-57601
In base 15, what is -68c77 + 2?
-68c75
In base 3, what is -1112021021112 - 0?
-1112021021112
In base 11, what is -682 - -209?
-474
In base 3, what is 1 - -1021121100?
1021121101
In base 14, what is 31b97 - 9?
31b8c
In base 10, what is -4 - 1029?
-1033
In base 12, what is -5b908 - 1?
-5b909
In base 13, what is -2 - -1483?
1481
In base 3, what is -201201 - 100222?
-1002200
In base 10, what is 645 - 24?
621
In base 6, what is 250114 - -11?
250125
In base 11, what is 157 - -15a?
306
In base 14, what is 5 - 5a3bd?
-5a3b8
In base 16, what is -8 + 2956?
294e
In base 11, what is 232560 - -2?
232562
In base 11, what is 8a55 + 14?
8a69
In base 7, what is -355225 + 12?
-355213
In base 10, what is 259 + 2607?
2866
In base 2, what is 11000110111011111001 + -100?
11000110111011110101
In base 10, what is 1368994 + 3?
1368997
In base 8, what is 5 - 300425?
-300420
In base 14, what is 39d + -c?
391
In base 2, what is -11001110001111 - -10?
-11001110001101
In base 2, what is 101 - -1000100010?
1000100111
In base 12, what is -a - 55845?
-55853
In base 12, what is -1 - -937?
936
In base 2, what is 1 + 101111001011100?
101111001011101
In base 8, what is -151113 + 3?
-151110
In base 2, what is -1110101101101111 - 100?
-1110101101110011
In base 9, what is 735 - 1023?
-177
In base 2, what is 10010100011 + 1000011?
10011100110
In base 6, what is -12120 - -5113?
-3003
In base 16, what is -253 + 117?
-13c
In base 16, what is 0 + 1bd9?
1bd9
In base 6, what is -44 - -432314?
432230
In base 14, what is -70 - -1d6d?
1cdd
In base 8, what is 3 + -1266642?
-1266637
In base 2, what is -1100000101111 - 10100111?
-1100011010110
In base 14, what is -112ab + 2?
-112a9
In base 11, what is -16 + 162a2?
16287
In base 13, what is 4 - -257?
25b
In base 4, what is -1 + 10331213?
10331212
In base 9, what is 2 - 30661?
-30658
In base 13, what is 2 + 5b32?
5b34
In base 4, what is -210 - -100223?
100013
In base 8, what is -211 + 5451?
5240
In base 9, what is -3 + 152760?
152756
In base 7, what is 15 + -212114?
-212066
In base 13, what is 132b - 33?
12c8
In base 11, what is 35 + -1a3?
-169
In base 9, what is 158 + 347?
516
In base 7, what is -11 - 162514?
-162525
In base 15, what is 3e3903 - 4?
3e38ee
In base 13, what is -18c0 - a1?
-1991
In base 10, what is 3814 - -19?
3833
In base 10, what is 814079 - -4?
814083
In base 6, what is 5122034 + 1?
5122035
In base 5, what is -10 - -212003110?
212003100
In base 16, what is 90 + -3baf?
-3b1f
In base 3, what is -1 - -2022220?
2022212
In base 11, what is 424862 - -1?
424863
In base 14, what is 7 - 619d?
-6196
In base 7, what is 34 + 5606?
5643
In base 8, what is -1221022 + 2?
-1221020
In base 6, what is 35153223 - 2?
35153221
In base 3, what is -10 + 2021111102?
2021111022
In base 14, what is -2 + c707?
c705
In base 4, what is 1 + -2310132200?
-2310132133
In base 5, what is 14 - 3313300?
-3313231
In base 14, what is -9c20d - 0?
-9c20d
In base 10, what is -9 + -302?
-311
In base 16, what is 6f58 + 14?
6f6c
In base 12, what is 564 + 1b?
583
In base 16, what is c27 - -a3?
cca
In base 3, what is -100010 + 11022?
-11211
In base 9, what is 4 - 247534?
-247530
In base 16, what is -60 + -d6d1?
-d731
In base 12, what is 15aa67 - 7?
15aa60
In base 9, what is 3675320 - -1?
3675321
In base 4, what is 221322 + -12?
221310
In base 10, what is 32862 - 4?
32858
In base 3, what is 1120 - -100